{"id":545,"date":"2024-02-04T18:14:13","date_gmt":"2024-02-04T18:14:13","guid":{"rendered":"https:\/\/szmz.hu\/teaching\/?page_id=545"},"modified":"2024-02-12T11:06:53","modified_gmt":"2024-02-12T11:06:53","slug":"4-2-nemetorszag-zuse","status":"publish","type":"page","link":"https:\/\/szmz.hu\/teaching\/bevezetes-a-szamitogepek-anarcheologiajaba\/4-2-nemetorszag-zuse\/","title":{"rendered":"4.2 N\u00e9metorsz\u00e1g: Zuse"},"content":{"rendered":"\n<p>A m\u00e1sodik vil\u00e1gh\u00e1bor\u00fa idej\u00e9n N\u00e9metorsz\u00e1gban, Angli\u00e1ban, \u00e9s az Egyes\u00fclt \u00c1llamokban is fontos, \u00e1m egym\u00e1st\u00f3l teljesen f\u00fcggetlen fejleszt\u00e9sek folynak, melyeket \u00e9rtelmetlen volna &#8220;k\u00f6z\u00f6s&#8221; kronol\u00f3gi\u00e1ba er\u0151ltetni.<\/p>\n\n\n\n<h5 class=\"wp-block-heading has-large-font-size\">N\u00e9metorsz\u00e1g:&nbsp;<a href=\"http:\/\/ei.cs.vt.edu\/%7Ehistory\/Zuse.html\" target=\"_blank\" rel=\"noreferrer noopener\">Konrad Zuse<\/a><\/h5>\n\n\n\n<p>Szint\u00e9n Babbage \u00e1ltal lefektetett elveken m\u0171k\u00f6d\u0151 elektromechanikus sz\u00e1m\u00edt\u00f3g\u00e9pet a n\u00e9met Konrad Zuse kezdett fejleszteni 1935-t\u0151l, munk\u00e1ss\u00e1ga &#8211; f\u0151k\u00e9nt a j\u00f3l dokument\u00e1lt, sikert\u00f6rt\u00e9netk\u00e9nt nyilv\u00e1noss\u00e1gra hozott amerikai fejleszt\u00e9sek \u00e1rny\u00e9k\u00e1ban &#8211; a mai napig viszonylag ismeretlen maradt.<\/p>\n\n\n\n<p>Zuse 1936 \u00e9s 1938 k\u00f6z\u00f6tt otthon, sz\u00fclei lak\u00e1s\u00e1nak nappalij\u00e1ban \u00e9p\u00edtett Z1 n\u00e9ven az els\u0151 olyan szabadon programozhat\u00f3 sz\u00e1m\u00edt\u00f3g\u00e9pet, amely kettes sz\u00e1mrendszerben m\u0171k\u00f6d\u00f6tt \u00e9s lebeg\u0151pontos sz\u00e1mokkal dolgozott. Az adatbevitelre billenty\u0171zet szolg\u00e1lt, az eredm\u00e9nyek megjelen\u00edt\u00e9se pedig kettes sz\u00e1mrendszerben egy vil\u00e1g\u00edt\u00f3 t\u00e1bla (f\u00e9nym\u00e1trix) seg\u00edts\u00e9g\u00e9vel t\u00f6rt\u00e9nt. A sz\u00e1mol\u00f3m\u0171 \u00e9s a t\u00e1rol\u00f3 telefonrel\u00e9kb\u0151l k\u00e9sz\u00fclt. A g\u00e9p 24 bites szavakkal dolgozott, a mem\u00f3ri\u00e1ja 16 adat t\u00e1rol\u00e1s\u00e1t tette lehet\u0151v\u00e9. A g\u00e9p tartalmazott decim\u00e1lis-bin\u00e1ris \u00e9s bin\u00e1ris-decim\u00e1lis \u00e1talak\u00edt\u00f3t is. Ilyen eszk\u00f6zt Zuse k\u00e9sz\u00edtett el\u0151sz\u00f6r.<\/p>\n\n\n\n<div class=\"wp-block-columns is-layout-flex wp-container-core-columns-is-layout-28f84493 wp-block-columns-is-layout-flex\">\n<div class=\"wp-block-column is-layout-flow wp-block-column-is-layout-flow\" style=\"flex-basis:100%\">\n<div class=\"wp-block-columns is-layout-flex wp-container-core-columns-is-layout-28f84493 wp-block-columns-is-layout-flex\">\n<div class=\"wp-block-column is-layout-flow wp-block-column-is-layout-flow\">\n<figure class=\"wp-block-image size-full\"><img loading=\"lazy\" decoding=\"async\" width=\"357\" height=\"249\" src=\"https:\/\/szmz.hu\/teaching\/wp-content\/uploads\/2024\/02\/Z1.gif\" alt=\"\" class=\"wp-image-547\"\/><\/figure>\n<\/div>\n\n\n\n<div class=\"wp-block-column is-layout-flow wp-block-column-is-layout-flow\">\n<figure class=\"wp-block-image size-full\"><img loading=\"lazy\" decoding=\"async\" width=\"408\" height=\"313\" src=\"https:\/\/szmz.hu\/teaching\/wp-content\/uploads\/2024\/02\/z1reconstruction.jpg\" alt=\"\" class=\"wp-image-549\" srcset=\"https:\/\/szmz.hu\/teaching\/wp-content\/uploads\/2024\/02\/z1reconstruction.jpg 408w, https:\/\/szmz.hu\/teaching\/wp-content\/uploads\/2024\/02\/z1reconstruction-300x230.jpg 300w\" sizes=\"auto, (max-width: 408px) 100vw, 408px\" \/><\/figure>\n<\/div>\n<\/div>\n<\/div>\n<\/div>\n\n\n\n<p>A k\u00f6vetkez\u0151 modell, a Z2 m\u00e1r lyukfilmes adatbeviteli egys\u00e9get tartalmazott. Ez a g\u00e9p 16 bites fixpontos adatokkal dolgozott \u00e9s 16 szavas t\u00e1rol\u00f3ja volt.<\/p>\n\n\n\n<p>Az els\u0151 teljesen m\u0171k\u00f6d\u0151k\u00e9pes, szabadon programozhat\u00f3, programvez\u00e9rl\u00e9s\u0171 sz\u00e1m\u00edt\u00f3g\u00e9pet, a Z3-at Zuse 1941-ben fejezte be. Ez a g\u00e9p 22 bites szavakat haszn\u00e1lt \u00e9s lebeg\u0151pontos sz\u00e1mokkal dolgozott. A t\u00e1rol\u00f3egys\u00e9g 1600 mechanikus rel\u00e9b\u0151l \u00e1llt, 64 sz\u00e1m t\u00e1rol\u00e1s\u00e1ra volt k\u00e9pes. A sz\u00e1mol\u00f3m\u0171 400 rel\u00e9 felhaszn\u00e1l\u00e1s\u00e1val k\u00e9sz\u00fclt. A m\u0171veletek jellemz\u0151 v\u00e9grehajt\u00e1si ideje 3 s.<\/p>\n\n\n\n<p>Zuse az amerikaiakat a bin\u00e1ris, jelfog\u00f3s \u00e9s programvez\u00e9relt sz\u00e1m\u00edt\u00f3g\u00e9p konstrukci\u00f3ban valamint \u00e9p\u00edt\u00e9sben k\u00f6r\u00fclbel\u00fcl h\u00e1rom \u00e9vvel el\u00f5zte meg, hiszen a Z3 sz\u00e1m\u00edt\u00f3g\u00e9pe m\u00e1r 1941-ben m\u00fbk\u00f6d\u00f6tt, m\u00edg Howard Aiken Mark I-e csak 1944-ben. Ha Konrad Zuse nem a h\u00e1bor\u00fas N\u00e9metorsz\u00e1gban \u00e9l, akkor ma senki sem vitatn\u00e1, hogy a sz\u00e1m\u00edt\u00e1stechnika nagyon sok hardver \u00e9s szoftver \u00fajdons\u00e1ga t\u00f5le sz\u00e1rmazik. A h\u00e1bor\u00faban vesztes N\u00e9metorsz\u00e1gb\u00f3l nem jutottak el a h\u00edrek a vil\u00e1gba, szinte senki sem tudta, hogy van ott egy feltal\u00e1l\u00f3, aki haszn\u00e1lt jelfog\u00f3kb\u00f3l sz\u00e1m\u00edt\u00f3g\u00e9pet \u00e9p\u00edt \u00e9s k\u00f6zben sz\u00e1mos \u00fajdons\u00e1got fedez fel ebben az addig nem is l\u00e9tez\u00f5 tudom\u00e1nyban.<\/p>\n\n\n\n<p>A Z3-as, ami 1941-ben k\u00e9sz\u00fclt el, volt a vil\u00e1gon az els\u00f5 programvez\u00e9relt sz\u00e1m\u00edt\u00f3g\u00e9p, mely lyukszalagon r\u00f6gz\u00edtett adatokkal \u00e9s programmal, kettes sz\u00e1mrendszerben, lebeg\u0151pontos sz\u00e1m\u00e1br\u00e1zol\u00e1ssal dolgozott. Bevitelre klaviat\u00fara szolg\u00e1lt, megjelen\u00edt\u0151eszk\u00f6ze egy dl\u00e1mp\u00e1kb\u00f3l \u00e1ll\u00f3 kijelz\u0151 volt.<\/p>\n\n\n\n<figure class=\"wp-block-image size-full\"><img loading=\"lazy\" decoding=\"async\" width=\"500\" height=\"391\" src=\"https:\/\/szmz.hu\/teaching\/wp-content\/uploads\/2024\/02\/z3design_by_zuse.jpg\" alt=\"\" class=\"wp-image-551\" srcset=\"https:\/\/szmz.hu\/teaching\/wp-content\/uploads\/2024\/02\/z3design_by_zuse.jpg 500w, https:\/\/szmz.hu\/teaching\/wp-content\/uploads\/2024\/02\/z3design_by_zuse-300x235.jpg 300w\" sizes=\"auto, (max-width: 500px) 100vw, 500px\" \/><\/figure>\n\n\n\n<figure class=\"wp-block-image size-full\"><img loading=\"lazy\" decoding=\"async\" width=\"814\" height=\"593\" src=\"https:\/\/szmz.hu\/teaching\/wp-content\/uploads\/2024\/02\/zuse_w_reconstructedz3_1961.jpg\" alt=\"\" class=\"wp-image-553\" srcset=\"https:\/\/szmz.hu\/teaching\/wp-content\/uploads\/2024\/02\/zuse_w_reconstructedz3_1961.jpg 814w, https:\/\/szmz.hu\/teaching\/wp-content\/uploads\/2024\/02\/zuse_w_reconstructedz3_1961-300x219.jpg 300w, https:\/\/szmz.hu\/teaching\/wp-content\/uploads\/2024\/02\/zuse_w_reconstructedz3_1961-768x559.jpg 768w\" sizes=\"auto, (max-width: 814px) 100vw, 814px\" \/><\/figure>\n\n\n\n<p>Az ezzel kapcsolatos jegyzeteiben Konrad Zuse m\u00e1r le\u00edrja a t\u00e1rolt program elv\u00e9t, amit a vil\u00e1g Neumann elvk\u00e9nt ismer. Hal\u00e1l\u00e1ig hasztalanul pr\u00f3b\u00e1lkozott Zuse bizony\u00edtani, hogy a t\u00e1rolt program elv\u00e9t \u00e9vekkel kor\u00e1bban le\u00edrta, mint Neumann J\u00e1nos, s\u0151t, nemcsak kital\u00e1lta, de alkalmazta is.<\/p>\n\n\n\n<figure class=\"wp-block-embed is-type-video is-provider-youtube wp-block-embed-youtube wp-embed-aspect-16-9 wp-has-aspect-ratio\"><div class=\"wp-block-embed__wrapper\">\n<iframe loading=\"lazy\" title=\"Die Z3 von Konrad Zuse im Deutschen Museum\" width=\"500\" height=\"281\" src=\"https:\/\/www.youtube.com\/embed\/aUXnhVrT4CI?feature=oembed\" frameborder=\"0\" allow=\"accelerometer; autoplay; clipboard-write; encrypted-media; gyroscope; picture-in-picture; web-share\" referrerpolicy=\"strict-origin-when-cross-origin\" allowfullscreen><\/iframe>\n<\/div><\/figure>\n\n\n\n<p>Zuse 1945 elej\u00e9n mutatta be Z4 nev\u0171 sz\u00e1m\u00edt\u00f3g\u00e9p\u00e9t. A g\u00e9p 5500 rel\u00e9t tartalmazott, 32 bites szavakkal dolgozott \u00e9s 64 fixpontos sz\u00e1m t\u00e1rol\u00e1s\u00e1ra volt k\u00e9pes. Ezt az eszk\u00f6zt el\u0151sz\u00f6r k\u00eds\u00e9rletk\u00e9ppen a rep\u00fcl\u0151g\u00e9p-tervez\u00e9sben haszn\u00e1lt\u00e1k fel, majd 1950-t\u0151l a z\u00fcrichi M\u0171szaki F\u0151iskol\u00e1n m\u0171k\u00f6d\u00f6tt, mint Eur\u00f3pa egyetlen sz\u00e1m\u00edt\u00f3g\u00e9pe. 1955-t\u0151l 1960-ig egy aerodinamikai int\u00e9zet haszn\u00e1lta, majd a m\u00fcncheni Deutshes Museumba ker\u00fclt.<\/p>\n\n\n\n<p>Zuse c\u00e9ge 1967-ig gy\u00e1rtott sz\u00e1m\u00edt\u00f3g\u00e9peket. Az 1956-ban bevezetett (m\u00e9g mindig rel\u00e9s) Z11-b\u0151l kb. 50 db k\u00e9sz\u00fclt. Az 1957-t\u0151l gy\u00e1rtott, m\u00e1r elektroncs\u00f6ves Z22-nek ALGOL 60 (illetve ALCOR) ford\u00edt\u00f3programja is volt. A Zuse KG-t 1967-ben vette \u00e1t a Siemens.<\/p>\n\n\n\n<p>Volt m\u00e9g egy, a kor\u00e1t megel\u00f5z\u00f5 konstrukci\u00f3ja Konrad Zuse-nek: a vil\u00e1g els\u00f5 digit\u00e1lis rajzg\u00e9pe, a Graphomat, vagy m\u00e1s n\u00e9ven a Z64. A g\u00e9p els\u00f5 konstrukci\u00f3ja f\u00f5leg az\u00e9rt volt nagyon k\u00fcl\u00f6nleges, mert az m\u00e9g akkor k\u00e9sz\u00fclt el, amikor m\u00e9g nem volt olyan l\u00e9ptet\u00f5motor, amit a toll mozgat\u00e1s\u00e1hoz alkalmazni lehetett volna. Konrad Zuse a l\u00e9ptet\u00f5motorok helyettes\u00edt\u00e9s\u00e9re egy hallatlanul prec\u00edz fogasker\u00e9k-\u00e1tt\u00e9telt tervezett a g\u00e9phez, amivel igen pontos rajzokat lehetett k\u00e9sz\u00edteni.<\/p>\n\n\n\n<p>A ZUSE KG-t \u2013 f\u00f5leg anyagi probl\u00e9m\u00e1k miatt \u2013 Konrad Zusenak el kellett adnia, az \u00f5 r\u00e9sz\u00e9t el\u00f5sz\u00f6r a t\u00e1rsa, a Brown, Boveri and Company (BBC) v\u00e1s\u00e1rolta meg, majd a BBC az eg\u00e9sz gy\u00e1rat eladta a Siemensnek. Sajnos a Siemens Zuse fejleszt\u00e9seit, \u00edgy a Graphomatot sem folytatta, hiszen akkor m\u00e1r megvoltak a saj\u00e1t fejleszt\u00e9s\u00fb illetve licenc form\u00e1j\u00e1ban vett sz\u00e1m\u00edt\u00f3g\u00e9pei, p\u00e9ld\u00e1ul a 2002-es majd k\u00e9s\u00f5bb a 4004-es, ezeket gy\u00e1rtotta. A Siemens Konrad Zuset m\u00e9g egy darabig, mint tan\u00e1csad\u00f3t foglalkozatta, de ez a kapcsolata is hamarosan megsz\u00fbnt a n\u00e9met sz\u00e1m\u00edt\u00f3g\u00e9peket gy\u00e1rt\u00f3 \u00f3ri\u00e1ssal.<\/p>\n\n\n\n<p>Zuse \u00e9lete utols\u00f3 \u00e9veiben a sz\u00e1m\u00edt\u00e1stechnika elm\u00e9leti k\u00e9rd\u00e9seivel foglalkozott, a sz\u00e1m\u00edt\u00e1stechnika \u00e9s az automatika kapcsolat\u00e1val, az \u00f6nreproduk\u00e1l\u00f3 automat\u00e1kkal.<\/p>\n\n\n\n<p>Who invented the computer? &#8211; Konrad Zuse&#8217;s Contribution (a vide\u00f3 elej\u00e9n l\u00e1that\u00f3 adatok pontatlanok, k\u00e9s\u0151bb viszont Zuse besz\u00e9l):\u00a0<a href=\"https:\/\/www.youtube.com\/watch?v=YS3P8mwV34Y\" target=\"_blank\" rel=\"noreferrer noopener\">https:\/\/www.youtube.com\/watch?v=YS3P8mwV34Y<\/a><\/p>\n\n\n\n<figure class=\"wp-block-embed is-type-video is-provider-youtube wp-block-embed-youtube wp-embed-aspect-16-9 wp-has-aspect-ratio\"><div class=\"wp-block-embed__wrapper\">\n<iframe loading=\"lazy\" title=\"Who invented the computer? - Konrad Zuse&#039;s Contribution\" width=\"500\" height=\"281\" src=\"https:\/\/www.youtube.com\/embed\/YS3P8mwV34Y?feature=oembed\" frameborder=\"0\" allow=\"accelerometer; autoplay; clipboard-write; encrypted-media; gyroscope; picture-in-picture; web-share\" referrerpolicy=\"strict-origin-when-cross-origin\" allowfullscreen><\/iframe>\n<\/div><\/figure>\n\n\n\n<figure class=\"wp-block-embed is-type-video is-provider-youtube wp-block-embed-youtube wp-embed-aspect-4-3 wp-has-aspect-ratio\"><div class=\"wp-block-embed__wrapper\">\n<iframe loading=\"lazy\" title=\"Konrad Zuse und seine ersten Computer der Welt - Fernsehbericht von 1958\" width=\"500\" height=\"375\" src=\"https:\/\/www.youtube.com\/embed\/n8Yo-wD-QTo?feature=oembed\" frameborder=\"0\" allow=\"accelerometer; autoplay; clipboard-write; encrypted-media; gyroscope; picture-in-picture; web-share\" referrerpolicy=\"strict-origin-when-cross-origin\" allowfullscreen><\/iframe>\n<\/div><\/figure>\n","protected":false},"excerpt":{"rendered":"<p>A m\u00e1sodik vil\u00e1gh\u00e1bor\u00fa idej\u00e9n N\u00e9metorsz\u00e1gban, Angli\u00e1ban, \u00e9s az Egyes\u00fclt \u00c1llamokban is fontos, \u00e1m egym\u00e1st\u00f3l teljesen f\u00fcggetlen fejleszt\u00e9sek folynak, melyeket \u00e9rtelmetlen volna &#8220;k\u00f6z\u00f6s&#8221; kronol\u00f3gi\u00e1ba er\u0151ltetni. N\u00e9metorsz\u00e1g:&nbsp;Konrad Zuse Szint\u00e9n Babbage \u00e1ltal lefektetett elveken m\u0171k\u00f6d\u0151 elektromechanikus sz\u00e1m\u00edt\u00f3g\u00e9pet a n\u00e9met Konrad Zuse kezdett fejleszteni 1935-t\u0151l, munk\u00e1ss\u00e1ga &#8211; f\u0151k\u00e9nt a j\u00f3l dokument\u00e1lt, sikert\u00f6rt\u00e9netk\u00e9nt nyilv\u00e1noss\u00e1gra hozott amerikai fejleszt\u00e9sek \u00e1rny\u00e9k\u00e1ban &#8211; a [&hellip;]<\/p>\n","protected":false},"author":1,"featured_media":0,"parent":707,"menu_order":3,"comment_status":"closed","ping_status":"closed","template":"","meta":{"footnotes":""},"class_list":["post-545","page","type-page","status-publish","hentry"],"_links":{"self":[{"href":"https:\/\/szmz.hu\/teaching\/wp-json\/wp\/v2\/pages\/545","targetHints":{"allow":["GET"]}}],"collection":[{"href":"https:\/\/szmz.hu\/teaching\/wp-json\/wp\/v2\/pages"}],"about":[{"href":"https:\/\/szmz.hu\/teaching\/wp-json\/wp\/v2\/types\/page"}],"author":[{"embeddable":true,"href":"https:\/\/szmz.hu\/teaching\/wp-json\/wp\/v2\/users\/1"}],"replies":[{"embeddable":true,"href":"https:\/\/szmz.hu\/teaching\/wp-json\/wp\/v2\/comments?post=545"}],"version-history":[{"count":1,"href":"https:\/\/szmz.hu\/teaching\/wp-json\/wp\/v2\/pages\/545\/revisions"}],"predecessor-version":[{"id":555,"href":"https:\/\/szmz.hu\/teaching\/wp-json\/wp\/v2\/pages\/545\/revisions\/555"}],"up":[{"embeddable":true,"href":"https:\/\/szmz.hu\/teaching\/wp-json\/wp\/v2\/pages\/707"}],"wp:attachment":[{"href":"https:\/\/szmz.hu\/teaching\/wp-json\/wp\/v2\/media?parent=545"}],"curies":[{"name":"wp","href":"https:\/\/api.w.org\/{rel}","templated":true}]}}